{"id":710,"date":"2021-12-15T14:54:42","date_gmt":"2021-12-15T13:54:42","guid":{"rendered":"http:\/\/www.ch-orthez.fr\/?page_id=710"},"modified":"2022-03-21T17:08:24","modified_gmt":"2022-03-21T16:08:24","slug":"plan-du-site","status":"publish","type":"page","link":"https:\/\/www.ch-orthez.fr\/index.php\/plan-du-site\/","title":{"rendered":"Plan du site internet"},"content":{"rendered":"<div class=\"fusion-fullwidth fullwidth-box fusion-builder-row-1 fusion-flex-container nonhundred-percent-fullwidth non-hundred-percent-height-scrolling\" style=\"background-color: rgba(255,255,255,0);background-position: center center;background-repeat: no-repeat;border-width: 0px 0px 0px 0px;border-color:#e2e2e2;border-style:solid;\" ><div class=\"fusion-builder-row fusion-row fusion-flex-align-items-flex-start\" style=\"max-width:1331.2px;margin-left: calc(-4% \/ 2 );margin-right: calc(-4% \/ 2 );\"><div class=\"fusion-layout-column fusion_builder_column fusion-builder-column-0 fusion_builder_column_1_1 1_1 fusion-flex-column\"><div class=\"fusion-column-wrapper fusion-flex-justify-content-flex-start fusion-content-layout-column\" style=\"background-position:left top;background-repeat:no-repeat;-webkit-background-size:cover;-moz-background-size:cover;-o-background-size:cover;background-size:cover;padding: 0px 0px 0px 0px;\"> <ul id=\"utilityNav\"><\/ul><ul id=\"primaryNav\" class=\"col7\"><li id=\"home\"><a href=\"https:\/\/www.ch-orthez.fr\">P\u00f4le de sant\u00e9 Orthez<\/a><\/li><li id=\"menu-item-500\" class=\"menu-item-500\"><a href=\"https:\/\/www.ch-orthez.fr\/\">P\u00f4le Sant\u00e9 d\u2019Orthez<\/a>\n<ul class=\"sub-menu\">\n\t<li id=\"menu-item-410\" class=\"menu-item-410\"><a href=\"https:\/\/www.ch-orthez.fr\/index.php\/le-centre-hospitalier\/\">Le centre hospitalier<\/a>\n\t<ul class=\"sub-menu\">\n\t\t<li id=\"menu-item-566\" class=\"menu-item-566\"><a href=\"https:\/\/www.ch-orthez.fr\/index.php\/organigramme\/\">Organisation du Centre Hospitalier<\/a><\/li>\n\t\t<li id=\"menu-item-612\" class=\"menu-item-612\"><a href=\"https:\/\/www.ch-orthez.fr\/index.php\/le-projet-detablissement\/\">Le projet d\u2019\u00e9tablissement<\/a><\/li>\n\t\t<li id=\"menu-item-3029\" class=\"menu-item-3029\"><a href=\"https:\/\/www.ch-orthez.fr\/index.php\/le-projet-medico-soignant-partage\/\">Le projet m\u00e9dico-soignant partag\u00e9 (PMSP)<\/a><\/li>\n\t\t<li id=\"menu-item-611\" class=\"menu-item-611\"><a href=\"https:\/\/www.ch-orthez.fr\/index.php\/les-instances\/\">Les instances<\/a><\/li>\n\t\t<li id=\"menu-item-610\" class=\"menu-item-610\"><a href=\"https:\/\/www.ch-orthez.fr\/index.php\/les-chiffres\/\">Les chiffres<\/a><\/li>\n\t\t<li id=\"menu-item-609\" class=\"menu-item-609\"><a href=\"https:\/\/www.ch-orthez.fr\/index.php\/le-ght\/\">Le GHT<\/a><\/li>\n\t<\/ul>\n<\/li>\n\t<li id=\"menu-item-572\" class=\"menu-item-572\"><a href=\"https:\/\/www.ch-orthez.fr\/index.php\/le-gcs\/\">Le GCS<\/a>\n\t<ul class=\"sub-menu\">\n\t\t<li id=\"menu-item-616\" class=\"menu-item-616\"><a href=\"https:\/\/www.ch-orthez.fr\/index.php\/les-chiffres-du-gcs\/\">Les chiffres du GCS<\/a><\/li>\n\t\t<li id=\"menu-item-615\" class=\"menu-item-615\"><a href=\"https:\/\/www.ch-orthez.fr\/index.php\/le-cse\/\">Le CSE<\/a><\/li>\n\t<\/ul>\n<\/li>\n\t<li id=\"menu-item-620\" class=\"menu-item-620\"><a href=\"https:\/\/www.ch-orthez.fr\/index.php\/la-certificatiojn\/\">La certification<\/a><\/li>\n\t<li id=\"menu-item-1232\" class=\"menu-item-1232\"><a href=\"https:\/\/www.ch-orthez.fr\/index.php\/actualites-sante-publique\/\">Actualit\u00e9s \/ Sant\u00e9 publique<\/a>\n\t<ul class=\"sub-menu\">\n\t\t<li id=\"menu-item-1199\" class=\"menu-item-1199\"><a href=\"https:\/\/www.ch-orthez.fr\/?page_id=1176\">Projets divers \/ Ponctuels<\/a><\/li>\n\t\t<li id=\"menu-item-1532\" class=\"menu-item-1532\"><a href=\"https:\/\/www.ch-orthez.fr\/index.php\/ifsi-et-centre-de-formation\/\">IFSI et Centre de Formation<\/a><\/li>\n\t\t<li id=\"menu-item-1198\" class=\"menu-item-1198\"><a href=\"https:\/\/www.ch-orthez.fr\/index.php\/equipe-prevention-seniors\/\">Equipe Pr\u00e9vention Seniors<\/a><\/li>\n\t\t<li id=\"menu-item-1196\" class=\"menu-item-1196\"><a href=\"https:\/\/www.ch-orthez.fr\/index.php\/maison-sport-sante\/\">Maison Sport Sant\u00e9<\/a><\/li>\n\t\t<li id=\"menu-item-1195\" class=\"menu-item-1195\"><a href=\"https:\/\/www.ch-orthez.fr\/index.php\/violences-intrafamiliales\/\">Violences Intrafamiliales<\/a><\/li>\n\t\t<li id=\"menu-item-1194\" class=\"menu-item-1194\"><a href=\"https:\/\/www.ch-orthez.fr\/index.php\/handicap\/\">Handicap<\/a><\/li>\n\t\t<li id=\"menu-item-1193\" class=\"menu-item-1193\"><a href=\"https:\/\/www.ch-orthez.fr\/index.php\/pass-permanence-dacces-aux-soins-de-sante\/\">PASS (Permanence d\u2019Acc\u00e8s aux Soins de Sant\u00e9)<\/a><\/li>\n\t\t<li id=\"menu-item-1271\" class=\"menu-item-1271\"><a href=\"https:\/\/www.ch-orthez.fr\/index.php\/hypnose\/\">Hypnose<\/a><\/li>\n\t\t<li id=\"menu-item-1471\" class=\"menu-item-1471\"><a href=\"https:\/\/www.ch-orthez.fr\/index.php\/addictions\/\">Addictions<\/a><\/li>\n\t<\/ul>\n<\/li>\n<\/ul>\n<\/li>\n<li id=\"menu-item-408\" class=\"menu-item-408\"><a href=\"https:\/\/www.ch-orthez.fr\/index.php\/les-services-de-soins\/\">Services de soins<\/a>\n<ul class=\"sub-menu\">\n\t<li id=\"menu-item-621\" class=\"menu-item-621\"><a href=\"https:\/\/www.ch-orthez.fr\/index.php\/pole-hebergement-et-activite-de-readaptation-et-reeducation\/\">P\u00f4le h\u00e9bergement et activit\u00e9 de r\u00e9adaptation et r\u00e9\u00e9ducation<\/a><\/li>\n\t<li id=\"menu-item-622\" class=\"menu-item-622\"><a href=\"https:\/\/www.ch-orthez.fr\/index.php\/pole-medecine-polyvalente-et-geriatrique\/\">P\u00f4le m\u00e9decine polyvalente et g\u00e9riatrique<\/a><\/li>\n\t<li id=\"menu-item-625\" class=\"menu-item-625\"><a href=\"https:\/\/www.ch-orthez.fr\/index.php\/pole-urgences-cpp-prestations-ambulatoires-imagerie\/\">P\u00f4le urgences \/ Centre P\u00e9rinatal de Proximit\u00e9 \/ Prestations ambulatoires \/ Imagerie<\/a><\/li>\n\t<li id=\"menu-item-630\" class=\"menu-item-630\"><a href=\"https:\/\/www.ch-orthez.fr\/index.php\/la-chirurgie\/\">Chirurgie<\/a><\/li>\n\t<li id=\"menu-item-1478\" class=\"menu-item-1478\"><a href=\"https:\/\/www.ch-orthez.fr\/index.php\/autres-activites\/\">Autres activit\u00e9s<\/a>\n\t<ul class=\"sub-menu\">\n\t\t<li id=\"menu-item-1321\" class=\"menu-item-1321\"><a href=\"https:\/\/www.ch-orthez.fr\/index.php\/activites-transversales\/\">Activit\u00e9s transversales<\/a><\/li>\n\t\t<li id=\"menu-item-1477\" class=\"menu-item-1477\"><a href=\"https:\/\/www.ch-orthez.fr\/index.php\/les-personnes-que-vous-ne-verrez-peut-etre-pas-mais-qui-travaillent-aussi-pour-vous\/\">Certaines des personnes que vous ne verrez peut-\u00eatre pas mais qui travaillent aussi pour vous<\/a><\/li>\n\t<\/ul>\n<\/li>\n<\/ul>\n<\/li>\n<li id=\"menu-item-407\" class=\"menu-item-407\"><a href=\"https:\/\/www.ch-orthez.fr\/index.php\/patients-et-visiteurs\/\">Patients &#038; visiteurs<\/a>\n<ul class=\"sub-menu\">\n\t<li id=\"menu-item-3343\" class=\"menu-item-3343\"><a href=\"https:\/\/www.ch-orthez.fr\/index.php\/vous-souhaitez-faire-un-don-lancement-du-fonds-de-dotation-des-hopitaux-du-bearn-et-de-la-soule\/\">Vous souhaitez faire un don : lancement du fonds de dotation des H\u00f4pitaux du B\u00e9arn et de la Soule<\/a><\/li>\n\t<li id=\"menu-item-530\" class=\"menu-item-530\"><a href=\"https:\/\/www.ch-orthez.fr\/index.php\/venir-en-consultation\/\">Venir en consultation<\/a><\/li>\n\t<li id=\"menu-item-529\" class=\"menu-item-529\"><a href=\"https:\/\/www.ch-orthez.fr\/index.php\/etre-hospitalise\/\">Etre hospitalis\u00e9(e)<\/a><\/li>\n\t<li id=\"menu-item-528\" class=\"menu-item-528\"><a href=\"https:\/\/www.ch-orthez.fr\/index.php\/rendre-visite-aux-patients\/\">Rendre visite aux patients<\/a><\/li>\n\t<li id=\"menu-item-527\" class=\"menu-item-527\"><a href=\"https:\/\/www.ch-orthez.fr\/index.php\/venir-aux-urgences\/\">Venir aux urgences<\/a><\/li>\n\t<li id=\"menu-item-526\" class=\"menu-item-526\"><a href=\"https:\/\/www.ch-orthez.fr\/index.php\/vos-droits\/\">Vos droits et devoirs<\/a>\n\t<ul class=\"sub-menu\">\n\t\t<li id=\"menu-item-3163\" class=\"menu-item-3163\"><a href=\"https:\/\/www.ch-orthez.fr\/index.php\/notice-protection-des-donnees-personnelles\/\">Notice Protection des donn\u00e9es personnelles<\/a><\/li>\n\t\t<li id=\"menu-item-3162\" class=\"menu-item-3162\"><a href=\"https:\/\/www.ch-orthez.fr\/index.php\/enquete-patient-notice-protection-des-donnees-personnelles\/\">Enqu\u00eate patient \u2013 Notice protection des donn\u00e9es personnelles<\/a><\/li>\n\t<\/ul>\n<\/li>\n\t<li id=\"menu-item-1683\" class=\"menu-item-1683\"><a href=\"https:\/\/www.ch-orthez.fr\/index.php\/acces\/\">Acc\u00e8s<\/a><\/li>\n<\/ul>\n<\/li>\n<li id=\"menu-item-403\" class=\"menu-item-403\"><a href=\"https:\/\/www.ch-orthez.fr\/index.php\/les-consultations-externes\/\">Consultations externes<\/a><\/li>\n<li id=\"menu-item-404\" class=\"menu-item-404\"><a href=\"https:\/\/www.ch-orthez.fr\/index.php\/recrutement\/\">Offres d\u2019emploi<\/a>\n<ul class=\"sub-menu\">\n\t<li id=\"menu-item-3140\" class=\"menu-item-3140\"><a href=\"https:\/\/www.ch-orthez.fr\/index.php\/index-egalite-professionnelle\/\">Index \u00c9galit\u00e9 Professionnelle<\/a><\/li>\n\t<li id=\"menu-item-645\" class=\"menu-item-645\"><a href=\"https:\/\/www.ch-orthez.fr\/index.php\/personnel-medical\/\">Personnel m\u00e9dical<\/a><\/li>\n\t<li id=\"menu-item-644\" class=\"menu-item-644\"><a href=\"https:\/\/www.ch-orthez.fr\/index.php\/personnel-soignant-et-medico-technique\/\">Personnel soignant et m\u00e9dico-technique<\/a><\/li>\n\t<li id=\"menu-item-643\" class=\"menu-item-643\"><a href=\"https:\/\/www.ch-orthez.fr\/index.php\/personnel-administratif-et-technique\/\">Personnel administratif et technique<\/a><\/li>\n\t<li id=\"menu-item-642\" class=\"menu-item-642\"><a href=\"https:\/\/www.ch-orthez.fr\/index.php\/les-concours\/\">Concours<\/a><\/li>\n\t<li id=\"menu-item-641\" class=\"menu-item-641\"><a href=\"https:\/\/www.ch-orthez.fr\/index.php\/les-demandes-de-stage\/\">Demandes de stage<\/a><\/li>\n<\/ul>\n<\/li>\n<li id=\"menu-item-405\" class=\"menu-item-405\"><a href=\"https:\/\/www.ch-orthez.fr\/index.php\/ifsi\/\">IFSI &#038; Centre de Formation<\/a><\/li>\n<li id=\"menu-item-406\" class=\"menu-item-406\"><a href=\"https:\/\/www.ch-orthez.fr\/index.php\/ehpad\/\">EHPAD &#038; USLD<\/a>\n<ul class=\"sub-menu\">\n\t<li id=\"menu-item-657\" class=\"menu-item-657\"><a href=\"https:\/\/www.ch-orthez.fr\/index.php\/ehpad-arthez-de-bearn\/\">EHPAD Arthez de b\u00e9arn<\/a><\/li>\n\t<li id=\"menu-item-656\" class=\"menu-item-656\"><a href=\"https:\/\/www.ch-orthez.fr\/index.php\/ehpad-monein\/\">EHPAD Monein<\/a><\/li>\n\t<li id=\"menu-item-655\" class=\"menu-item-655\"><a href=\"https:\/\/www.ch-orthez.fr\/index.php\/ehpad-mourenx\/\">EHPAD Mourenx<\/a><\/li>\n\t<li id=\"menu-item-654\" class=\"menu-item-654\"><a href=\"https:\/\/www.ch-orthez.fr\/index.php\/ehpad-orthez\/\">EHPAD Orthez<\/a><\/li>\n\t<li id=\"menu-item-852\" class=\"menu-item-852\"><a href=\"https:\/\/www.ch-orthez.fr\/index.php\/usld\/\">USLD<\/a><\/li>\n<\/ul>\n<\/li>\n<\/ul><div class=\"fusion-separator fusion-full-width-sep\" style=\"align-self: center;margin-left: auto;margin-right: auto;margin-top:20px;margin-bottom:20px;width:100%;\"><div class=\"fusion-separator-border sep-single sep-solid\" style=\"border-color:#e2e2e2;border-top-width:1px;\"><\/div><\/div><\/div><style type=\"text\/css\">.fusion-body .fusion-builder-column-0{width:100% !important;margin-top : 0px;margin-bottom : 20px;}.fusion-builder-column-0 > .fusion-column-wrapper {padding-top : 0px !important;padding-right : 0px !important;margin-right : 1.92%;padding-bottom : 0px !important;padding-left : 0px !important;margin-left : 1.92%;}@media only screen and (max-width:1024px) {.fusion-body .fusion-builder-column-0{width:100% !important;order : 0;}.fusion-builder-column-0 > .fusion-column-wrapper {margin-right : 1.92%;margin-left : 1.92%;}}@media only screen and (max-width:640px) {.fusion-body .fusion-builder-column-0{width:100% !important;order : 0;}.fusion-builder-column-0 > .fusion-column-wrapper {margin-right : 1.92%;margin-left : 1.92%;}}<\/style><\/div><\/div><style type=\"text\/css\">.fusion-body .fusion-flex-container.fusion-builder-row-1{ padding-top : 0px;margin-top : 0px;padding-right : 0px;padding-bottom : 0px;margin-bottom : 0px;padding-left : 0px;}<\/style><\/div>\n","protected":false},"excerpt":{"rendered":"","protected":false},"author":1,"featured_media":0,"parent":0,"menu_order":0,"comment_status":"closed","ping_status":"closed","template":"","meta":{"footnotes":""},"_links":{"self":[{"href":"https:\/\/www.ch-orthez.fr\/index.php\/wp-json\/wp\/v2\/pages\/710"}],"collection":[{"href":"https:\/\/www.ch-orthez.fr\/index.php\/wp-json\/wp\/v2\/pages"}],"about":[{"href":"https:\/\/www.ch-orthez.fr\/index.php\/wp-json\/wp\/v2\/types\/page"}],"author":[{"embeddable":true,"href":"https:\/\/www.ch-orthez.fr\/index.php\/wp-json\/wp\/v2\/users\/1"}],"replies":[{"embeddable":true,"href":"https:\/\/www.ch-orthez.fr\/index.php\/wp-json\/wp\/v2\/comments?post=710"}],"version-history":[{"count":0,"href":"https:\/\/www.ch-orthez.fr\/index.php\/wp-json\/wp\/v2\/pages\/710\/revisions"}],"wp:attachment":[{"href":"https:\/\/www.ch-orthez.fr\/index.php\/wp-json\/wp\/v2\/media?parent=710"}],"curies":[{"name":"wp","href":"https:\/\/api.w.org\/{rel}","templated":true}]}}