{"id":605,"date":"2021-12-14T15:15:51","date_gmt":"2021-12-14T14:15:51","guid":{"rendered":"http:\/\/www.ch-orthez.fr\/?page_id=605"},"modified":"2024-05-29T11:00:52","modified_gmt":"2024-05-29T09:00:52","slug":"la-chirurgie","status":"publish","type":"page","link":"https:\/\/www.ch-orthez.fr\/index.php\/la-chirurgie\/","title":{"rendered":"Chirurgie"},"content":{"rendered":"<div class=\"fusion-fullwidth fullwidth-box fusion-builder-row-1 fusion-flex-container nonhundred-percent-fullwidth non-hundred-percent-height-scrolling\" style=\"background-color: rgba(255,255,255,0);background-position: center center;background-repeat: no-repeat;border-width: 0px 0px 0px 0px;border-color:#e2e2e2;border-style:solid;\" ><div class=\"fusion-builder-row fusion-row fusion-flex-align-items-flex-start\" style=\"max-width:1331.2px;margin-left: calc(-4% \/ 2 );margin-right: calc(-4% \/ 2 );\"><div class=\"fusion-layout-column fusion_builder_column fusion-builder-column-0 fusion_builder_column_1_1 1_1 fusion-flex-column\"><div class=\"fusion-column-wrapper fusion-flex-justify-content-flex-start fusion-content-layout-column\" style=\"background-position:left top;background-repeat:no-repeat;-webkit-background-size:cover;-moz-background-size:cover;-o-background-size:cover;background-size:cover;padding: 0px 0px 0px 0px;\"><div class=\"fusion-text fusion-text-1\"><p>L\u2019activit\u00e9 de chirurgie est g\u00e9r\u00e9e dans le cadre du GCS Orth\u00e9zien de chirurgie.<\/p>\n<p>Le Pr\u00e9sident du comit\u00e9 m\u00e9dical \u00a0du GCS est<\/p>\n<p style=\"padding-left: 40px;\">Le cadre sup\u00e9rieur\u00a0: Monsieur PIETRANTONI R\u00e9gis<\/p>\n<p>Le service de chirurgie est compos\u00e9 d\u2019une unit\u00e9 ambulatoire de 14 lits et d\u2019une unit\u00e9 d\u2019hospitalisation de 15 lits.<\/p>\n<p style=\"padding-left: 40px;\">Le cadre du service\u00a0: Madame SALLENAVE C\u00e9line<\/p>\n<p>Ainsi que d\u2019un bloc op\u00e9ratoire de 4 salles<\/p>\n<p style=\"padding-left: 40px;\">Le cadre sup\u00e9rieur\u00a0: Monsieur PIETRANTONI R\u00e9gis<\/p>\n<p>La liste des m\u00e9decins qui interviennent dans le cadre du GCS au 1<sup>er<\/sup> f\u00e9vrier\u00a02022\u00a0:<\/p>\n<ul>\n<li>Dr BONJEAN \u2013 Dr DELVERT \u2013 Dr PONCIN, Gastroent\u00e9rologues<\/li>\n<li>Dr OTTAVIANI \u2013 Dr FAIK, Chirurgiens vasculaire<\/li>\n<li>Dr NAVARRE \u2013 Dr LE COADOU &#8211; Dr BENEZIS, Orthop\u00e9distes<\/li>\n<li>Dr SAINT YVES, Urologue<\/li>\n<li>Dr MANASSERO, Ophtalmologue (ophtal\u00e9a)<\/li>\n<li>Dr GONZALEZ, Chirurgien digestif<\/li>\n<\/ul>\n<\/div><\/div><style type=\"text\/css\">.fusion-body .fusion-builder-column-0{width:100% !important;margin-top : 0px;margin-bottom : 20px;}.fusion-builder-column-0 > .fusion-column-wrapper {padding-top : 0px !important;padding-right : 0px !important;margin-right : 1.92%;padding-bottom : 0px !important;padding-left : 0px !important;margin-left : 1.92%;}@media only screen and (max-width:1024px) {.fusion-body .fusion-builder-column-0{width:100% !important;order : 0;}.fusion-builder-column-0 > .fusion-column-wrapper {margin-right : 1.92%;margin-left : 1.92%;}}@media only screen and (max-width:640px) {.fusion-body .fusion-builder-column-0{width:100% !important;order : 0;}.fusion-builder-column-0 > .fusion-column-wrapper {margin-right : 1.92%;margin-left : 1.92%;}}<\/style><\/div><\/div><style type=\"text\/css\">.fusion-body .fusion-flex-container.fusion-builder-row-1{ padding-top : 0px;margin-top : 0px;padding-right : 0px;padding-bottom : 0px;margin-bottom : 0px;padding-left : 0px;}<\/style><\/div>\n","protected":false},"excerpt":{"rendered":"","protected":false},"author":1,"featured_media":0,"parent":0,"menu_order":0,"comment_status":"closed","ping_status":"closed","template":"","meta":{"footnotes":""},"_links":{"self":[{"href":"https:\/\/www.ch-orthez.fr\/index.php\/wp-json\/wp\/v2\/pages\/605"}],"collection":[{"href":"https:\/\/www.ch-orthez.fr\/index.php\/wp-json\/wp\/v2\/pages"}],"about":[{"href":"https:\/\/www.ch-orthez.fr\/index.php\/wp-json\/wp\/v2\/types\/page"}],"author":[{"embeddable":true,"href":"https:\/\/www.ch-orthez.fr\/index.php\/wp-json\/wp\/v2\/users\/1"}],"replies":[{"embeddable":true,"href":"https:\/\/www.ch-orthez.fr\/index.php\/wp-json\/wp\/v2\/comments?post=605"}],"version-history":[{"count":1,"href":"https:\/\/www.ch-orthez.fr\/index.php\/wp-json\/wp\/v2\/pages\/605\/revisions"}],"predecessor-version":[{"id":2937,"href":"https:\/\/www.ch-orthez.fr\/index.php\/wp-json\/wp\/v2\/pages\/605\/revisions\/2937"}],"wp:attachment":[{"href":"https:\/\/www.ch-orthez.fr\/index.php\/wp-json\/wp\/v2\/media?parent=605"}],"curies":[{"name":"wp","href":"https:\/\/api.w.org\/{rel}","templated":true}]}}

<div class="fusion-fullwidth fullwidth-box fusion-builder-row-1 fusion-flex-container nonhundred-percent-fullwidth non-hundred-percent-height-scrolling" style="background-color: rgba(255,255,255,0);background-position: center center;background-repeat: no-repeat;border-width: 0px 0px 0px 0px;border-color:#e2e2e2;border-style:solid;" ><div class="fusion-builder-row fusion-row fusion-flex-align-items-flex-start" style="max-width:1331.2px;margin-left: calc(-4% / 2 );margin-right: calc(-4% / 2 );"><div class="fusion-layout-column fusion_builder_column fusion-builder-column-0 fusion_builder_column_1_1 1_1 fusion-flex-column"><div class="fusion-column-wrapper fusion-flex-justify-content-flex-start fusion-content-layout-column" style="background-position:left top;background-repeat:no-repeat;-webkit-background-size:cover;-moz-background-size:cover;-o-background-size:cover;background-size:cover;padding: 0px 0px 0px 0px;"><div class="fusion-text fusion-text-1"><p>L’activité de chirurgie est gérée dans le cadre du GCS Orthézien de chirurgie.</p>
<p>Le Président du comité médical  du GCS est</p>
<p style="padding-left: 40px;">Le cadre supérieur : Monsieur PIETRANTONI Régis</p>
<p>Le service de chirurgie est composé d’une unité ambulatoire de 14 lits et d’une unité d’hospitalisation de 15 lits.</p>
<p style="padding-left: 40px;">Le cadre du service : Madame SALLENAVE Céline</p>
<p>Ainsi que d’un bloc opératoire de 4 salles</p>
<p style="padding-left: 40px;">Le cadre supérieur : Monsieur PIETRANTONI Régis</p>
<p>La liste des médecins qui interviennent dans le cadre du GCS au 1<sup>er</sup> février 2022 :</p>
<ul>
<li>Dr BONJEAN – Dr DELVERT – Dr PONCIN, Gastroentérologues</li>
<li>Dr OTTAVIANI – Dr FAIK, Chirurgiens vasculaire</li>
<li>Dr NAVARRE – Dr LE COADOU &#8211; Dr BENEZIS, Orthopédistes</li>
<li>Dr SAINT YVES, Urologue</li>
<li>Dr MANASSERO, Ophtalmologue (ophtaléa)</li>
<li>Dr GONZALEZ, Chirurgien digestif</li>
</ul>
</div></div><style type="text/css">.fusion-body .fusion-builder-column-0{width:100% !important;margin-top : 0px;margin-bottom : 20px;}.fusion-builder-column-0 > .fusion-column-wrapper {padding-top : 0px !important;padding-right : 0px !important;margin-right : 1.92%;padding-bottom : 0px !important;padding-left : 0px !important;margin-left : 1.92%;}@media only screen and (max-width:1024px) {.fusion-body .fusion-builder-column-0{width:100% !important;order : 0;}.fusion-builder-column-0 > .fusion-column-wrapper {margin-right : 1.92%;margin-left : 1.92%;}}@media only screen and (max-width:640px) {.fusion-body .fusion-builder-column-0{width:100% !important;order : 0;}.fusion-builder-column-0 > .fusion-column-wrapper {margin-right : 1.92%;margin-left : 1.92%;}}</style></div></div><style type="text/css">.fusion-body .fusion-flex-container.fusion-builder-row-1{ padding-top : 0px;margin-top : 0px;padding-right : 0px;padding-bottom : 0px;margin-bottom : 0px;padding-left : 0px;}</style></div>
