{"id":518,"date":"2021-12-09T16:25:21","date_gmt":"2021-12-09T15:25:21","guid":{"rendered":"http:\/\/www.ch-orthez.fr\/?page_id=518"},"modified":"2026-02-17T14:55:25","modified_gmt":"2026-02-17T13:55:25","slug":"etre-hospitalise","status":"publish","type":"page","link":"https:\/\/www.ch-orthez.fr\/index.php\/etre-hospitalise\/","title":{"rendered":"Etre hospitalis\u00e9(e)"},"content":{"rendered":"<div class=\"fusion-fullwidth fullwidth-box fusion-builder-row-1 fusion-flex-container nonhundred-percent-fullwidth non-hundred-percent-height-scrolling\" style=\"background-color: rgba(255,255,255,0);background-position: center center;background-repeat: no-repeat;border-width: 0px 0px 0px 0px;border-color:#e2e2e2;border-style:solid;\" ><div class=\"fusion-builder-row fusion-row fusion-flex-align-items-flex-start\" style=\"max-width:1331.2px;margin-left: calc(-4% \/ 2 );margin-right: calc(-4% \/ 2 );\"><div class=\"fusion-layout-column fusion_builder_column fusion-builder-column-0 fusion_builder_column_1_1 1_1 fusion-flex-column\"><div class=\"fusion-column-wrapper fusion-flex-justify-content-flex-start fusion-content-layout-column\" style=\"background-position:left top;background-repeat:no-repeat;-webkit-background-size:cover;-moz-background-size:cover;-o-background-size:cover;background-size:cover;padding: 0px 0px 0px 0px;\">\t\t\t\t\t<div class=\"fusion-slider-container fusion-slider-sc-slider-accueil-2 fusion-slider-36 full-width-slider\" data-id=\"36\" data-full_height=\"\" style=\"height:400px; max-width:100%;\">\n\t\t\t\t\t\t<style type=\"text\/css\">.fusion-slider-36 .flex-direction-nav a {width:20px;height:63px;line-height:63px;font-size:16px;}<\/style>\t\t\t\t\t\t<div class=\"fusion-slider-loading\">Loading...<\/div>\n\t\t\t\t\t\t<div class=\"tfs-slider flexslider main-flex full-width-slider\" data-slider_width=\"100%\" data-slider_height=\"400px\" data-full_screen=\"0\" data-parallax=\"0\" data-slider_indicator_color=\"#65bc7b\" data-nav_arrows=\"0\" data-nav_arrow_size=\"16px\" data-nav_box_width=\"20px\" data-nav_box_height=\"63px\" data-slideshow_speed=\"6000\" data-loop=\"1\" data-autoplay=\"1\" data-orderby=\"ID\" data-order=\"DESC\" data-animation=\"slide\" data-animation_speed=\"1000\" data-typo_sensitivity=\"0.5\" data-typo_factor=\"1.5\" style=\"max-width:100%;\">\n\t\t\t\t\t\t\t<ul class=\"slides\">\n\t\t\t\t\t\t\t\t\t\t\t\t\t\t\t\t\t<li data-mute=\"yes\" data-loop=\"yes\" data-autoplay=\"yes\">\n\t\t\t\t\t\t\t\t\t\t<div class=\"slide-content-container slide-content-left\" style=\"display: none;\">\n\t\t\t\t\t\t\t\t\t\t\t<div class=\"slide-content\" style=\"\">\n\t\t\t\t\t\t\t\t\t\t\t\t\t\t\t\t\t\t\t\t\t\t\t\t\t\t\t\t\t\t\t\t\t\t\t\t\t<div class=\"caption with-bg\">\n\t\t\t\t\t\t\t\t\t\t\t\t\t\t<div class=\"fusion-title-sc-wrapper\" style=\"background-color: rgba(0, 0, 0, 0.4);\">\n\t\t\t\t\t\t\t\t\t\t\t\t\t\t\t<style type=\"text\/css\">@media only screen and (max-width:1024px) {.fusion-title.fusion-title-1{margin-top:0px!important; margin-right:0px!important;margin-bottom:0px!important;margin-left:0px!important;}}@media only screen and (max-width:640px) {.fusion-title.fusion-title-1{margin-top:10px!important; margin-right:0px!important;margin-bottom:10px!important; margin-left:0px!important;}}<\/style><div class=\"fusion-title title fusion-title-1 fusion-sep-none fusion-title-text fusion-title-size-three\" style=\"font-size:24px;margin-top:0px;margin-right:0px;margin-bottom:0px;margin-left:0px;\"><h3 class=\"title-heading-left fusion-responsive-typography-calculated\" style=\"margin:0;font-size:1em;--fontSize:24;line-height:1.58;\">Le personnel du bureau des entr\u00e9es<\/h3><\/div>\t\t\t\t\t\t\t\t\t\t\t\t\t\t<\/div>\n\t\t\t\t\t\t\t\t\t\t\t\t\t<\/div>\n\t\t\t\t\t\t\t\t\t\t\t\t\t\t\t\t\t\t\t\t\t\t\t\t\t\t\t\t\t\t\t\t\t\t\t<\/div>\n\t\t\t\t\t\t\t\t\t\t<\/div>\n\t\t\t\t\t\t\t\t\t\t\t\t\t\t\t\t\t\t\t\t\t\t\t\t\t\t\t\t\t\t\t\t\t\t\t\t\t\t\t\t<div class=\"background background-image\" style=\"background-image: url(https:\/\/www.ch-orthez.fr\/wp-content\/uploads\/2022\/02\/BDE1.jpg);max-width:100%;height:400px;filter: progid:DXImageTransform.Microsoft.AlphaImageLoader(src='https:\/\/www.ch-orthez.fr\/wp-content\/uploads\/2022\/02\/BDE1.jpg', sizingMethod='scale');\" data-imgwidth=\"1280\">\n\t\t\t\t\t\t\t\t\t\t\t\t\t\t\t\t\t\t\t\t\t\t\t\t\t\t\t\t\t\t\t\t\t\t\t\t\t\t\t\t\t\t\t\t\t\t\t\t\t\t\t\t\t\t\t\t\t\t\t\t\t\t\t\t\t\t<\/div>\n\t\t\t\t\t\t\t\t\t<\/li>\n\t\t\t\t\t\t\t\t\t\t\t\t\t\t\t\t\t\t\t\t\t\t\t<\/ul>\n\t\t\t\t\t\t<\/div>\n\t\t\t\t\t<\/div>\n\t\t\t\t\t\t\t\t<div class=\"fusion-text fusion-text-1\"><div id=\"accordion-content-etre-hospitalise\" class=\"sow-accordion-panel-content\" role=\"region\" aria-labelledby=\"accordion-label-etre-hospitalise\">\n<div class=\"sow-accordion-panel-border\" tabindex=\"0\">\n<h5 style=\"--fontSize: 24; line-height: 1.4;\" data-fontsize=\"24\" data-lineheight=\"33.6px\" class=\"fusion-responsive-typography-calculated\">Formalit\u00e9s d\u2019hospitalisation :<\/h5>\n<p>D\u00e8s votre arriv\u00e9e au Centre Hospitalier d\u2019Orthez, vous pourrez vous diriger vers notre espace \u00ab Guichet 1 ou 2 \u00bb situ\u00e9 \u00e0 droite du hall d\u2019entr\u00e9e.<br \/>\n<span style=\"color: red;\"><br \/>\n<strong>Horaires d\u2019ouverture :<\/strong><br \/>\n<strong>Du lundi au vendredi de 8h \u00e0 17h<\/strong><br \/>\n<strong>En dehors de ces horaires, s\u2019adresser au standard-Accueil<\/strong><br \/>\n<\/span><br \/>\nConcernant les d\u00e9tails sur le d\u00e9roulement de votre hospitalisation, vous les trouverez ci-dessous.<br \/>\nD\u00e9roulement de votre hospitalisation :<br \/>\nLe livret d\u2019accueil du Centre Hospitalier d\u2019Orthez sera disponible d\u00e8s qu&rsquo;il sera r\u00e9actualis\u00e9.<\/p>\n<h5 style=\"--fontSize: 24; line-height: 1.4;\" data-fontsize=\"24\" data-lineheight=\"33.6px\" class=\"fusion-responsive-typography-calculated\">Votre admission<\/h5>\n<p>Documents \u00e0 pr\u00e9senter :<br \/>\n\u25aa vos papiers d\u2019identit\u00e9 (carte d\u2019identit\u00e9, passeport, permis de conduire, carte de s\u00e9jour\u2026)<br \/>\n\u25aa votre carte d\u2019assur\u00e9 social (carte vitale ou attestation \u00e0 jour des droits)<br \/>\n\u25aa votre carte mutuelle<br \/>\n\u25aa votre fiche \u00ab Domicile-H\u00f4pital \u00bb si vous la poss\u00e9dez<\/p>\n<h5 style=\"--fontSize: 24; line-height: 1.4;\" data-fontsize=\"24\" data-lineheight=\"33.6px\" class=\"fusion-responsive-typography-calculated\">Votre s\u00e9jour<\/h5>\n<p>Vous devez pr\u00e9voir un n\u00e9cessaire de toilette (brosse \u00e0 dents, dentifrice, peigne, brosse, rasoir, savon\u2026), ainsi que le linge de toilette. Vous pouvez apporter votre linge personnel (v\u00eatements, robe de chambre, pantoufles, mouchoirs\u2026). Vous aurez \u00e0 en assurer l\u2019entretien. Il est d\u00e9conseill\u00e9 d\u2019apporter de l\u2019argent et des objets pr\u00e9cieux (si vous arrivez avec des objets de valeurs, nous disposons d\u2019un coffre pour pouvoir les conserver en toute s\u00e9curit\u00e9).<br \/>\n<u>\u2013 Les repas :<\/u><br \/>\nChaque matin, un agent h\u00f4telier vous proposera plusieurs menus et prendra votre commande pour le repas du jour. Si votre \u00e9tat de sant\u00e9 le n\u00e9cessite, une di\u00e9t\u00e9ticienne compose des r\u00e9gimes sp\u00e9cifiques conform\u00e9ment aux prescriptions m\u00e9dicales.<br \/>\n<u>\u2013 Le t\u00e9l\u00e9phone :<\/u><br \/>\nDes t\u00e9l\u00e9phones \u00e0 carte sont \u00e0 votre disposition dans les halls de l\u2019h\u00f4pital. Pour obtenir le t\u00e9l\u00e9phone dans votre chambre, vous pouvez contacter la soci\u00e9t\u00e9 LTH dont le num\u00e9ro est affich\u00e9 dans les chambres.<br \/>\n<u>\u2013 La t\u00e9l\u00e9vision :<\/u><br \/>\nDes t\u00e9l\u00e9visions sont mises \u00e0 votre disposition contre une redevance pay\u00e9e \u00e0 une soci\u00e9t\u00e9 ext\u00e9rieure.<br \/>\nSi vous souhaitez obtenir la t\u00e9l\u00e9vision dans votre chambre, vous pouvez vous renseigner aupr\u00e8s du personnel soignant ou du standard.<br \/>\n<u>\u2013 Le culte :<\/u><br \/>\nUne \u00e9quipe d\u2019aum\u00f4nerie visite les patients et r\u00e9sidents qui le souhaitent. Vous pouvez d\u00e9poser un message dans la boite aux lettres de la chapelle ou de l\u2019accueil.<br \/>\n<u>\u2013 Les visites :<\/u><br \/>\n<strong>Afin de ne pas g\u00eaner le fonctionnement des services de soins, les visites sont autoris\u00e9es de 12H \u00e0 20H.<\/strong><\/p>\n<p><u>-Les accompagnants :<\/u><br \/>\nSelon les possibilit\u00e9s du service, un proche peut \u00eatre autoris\u00e9 \u00e0 passer la nuit aupr\u00e8s de vous et \u00e0 prendre ses repas (\u00e0 titre payant). Vos proches peuvent commander leurs repas aupr\u00e8s des aides soignantes du service de soins (avant 10H et 15H), les tickets repas accompagnant sont en vente tous les jours au bureau des entr\u00e9es de 9H \u00e0 12H et de 14H \u00e0 16H.<br \/>\n<u>La personne de confiance :<\/u><br \/>\nSelon la l\u00e9gislation vous pouvez d\u00e9signer, par \u00e9crit, une personne de confiance qui sera votre interlocuteur aupr\u00e8s du personnel m\u00e9dical. Pour cela, un formulaire vous sera propos\u00e9 \u00e0 votre admission.<\/p>\n<h5 style=\"--fontSize: 24; line-height: 1.4;\" data-fontsize=\"24\" data-lineheight=\"33.6px\" class=\"fusion-responsive-typography-calculated\">Votre d\u00e9part<\/h5>\n<p>Votre sortie est prescrite par le m\u00e9decin du service dans les meilleurs d\u00e9lais.<br \/>\nSi votre \u00e9tat de sant\u00e9 le permet, vous pouvez utiliser tout moyen \u00e0 votre convenance pour regagner votre domicile. Par contre, s\u2019il n\u00e9cessite un moyen de transport appropri\u00e9 (ambulance, VSL\u2026), une prescription m\u00e9dicale vous le pr\u00e9cisera.<br \/>\nLe r\u00e8glement des frais se fait<strong> au guichet du bureau des entr\u00e9es<\/strong> pour le forfait hospitalier et toutes les prestations non prises en charge par votre mutuelle. A d\u00e9faut, la facture vous sera adress\u00e9e \u00e0 votre domicile.<br \/>\nAcc\u00e8s \u00e0 votre dossier m\u00e9dical : rendez-vous sur la rubrique <a href=\"https:\/\/www.ch-orthez.fr\/index.php\/vos-droits\/\" role=\"link\">VOS DROITS (lien)<\/a><\/p>\n<h5 style=\"--fontSize: 24; line-height: 1.4;\" data-fontsize=\"24\" data-lineheight=\"33.6px\" class=\"fusion-responsive-typography-calculated\">Votre sant\u00e9<\/h5>\n<p>Le m\u00e9decin du service dans lequel vous \u00eates hospitalis\u00e9, vous transmettra toutes les informations sur votre \u00e9tat de sant\u00e9, sur les examens et les traitements prescrits. Il pourra recevoir votre famille ou un membre de votre famille que vous aurez d\u00e9sign\u00e9, si vous le souhaitez, sur rendez-vous \u00e0 prendre aupr\u00e8s de la secr\u00e9taire.<br \/>\nPar mesure de confidentialit\u00e9, les renseignements concernant votre \u00e9tat de sant\u00e9 ne seront pas communiqu\u00e9s par t\u00e9l\u00e9phone.<br \/>\nDans le cadre de la lutte contre les infections nosocomiales, des pr\u00e9cautions sont exig\u00e9es des m\u00e9decins et des personnels param\u00e9dicaux.<br \/>\nDes mesures vous sont \u00e9galement demand\u00e9es ainsi qu\u2019\u00e0 votre entourage (hygi\u00e8ne des mains, \u2026).<\/p>\n<h5 style=\"--fontSize: 24; line-height: 1.4;\" data-fontsize=\"24\" data-lineheight=\"33.6px\" class=\"fusion-responsive-typography-calculated\">Votre prise en charge sociale<\/h5>\n<p>Tout au long de votre s\u00e9jour, l\u2019assistante sociale, en coordination avec les \u00e9quipes m\u00e9dicales et soignantes :<br \/>\n\u25aa peut vous \u00e9clairer sur vos droits sociaux et effectuer pour vous, le cas \u00e9ch\u00e9ant, les d\u00e9marches n\u00e9cessaires ;<br \/>\n\u25aa peut vous aider \u00e0 organiser votre retour \u00e0 domicile (aide m\u00e9nag\u00e8re, soins \u00e0 domicile,\u2026), ou votre orientation \u00e0 l\u2019issue de l\u2019hospitalisation dans une structure m\u00e9dicalis\u00e9e ou autre.<\/p>\n<h5 style=\"--fontSize: 24; line-height: 1.4;\" data-fontsize=\"24\" data-lineheight=\"33.6px\" class=\"fusion-responsive-typography-calculated\">Votre satisfaction<\/h5>\n<p>Un questionnaire de satisfaction vous sera remis lors de votre hospitalisation. Dans un souci de service rendu, nous vous remercions de bien vouloir le remplir et le remettre au personnel du service ou de le d\u00e9poser dans la bo\u00eete aux lettres situ\u00e9e au niveau de l\u2019accueil.<\/p>\n<\/div>\n<\/div>\n<\/div><\/div><style type=\"text\/css\">.fusion-body .fusion-builder-column-0{width:100% !important;margin-top : 0px;margin-bottom : 0px;}.fusion-builder-column-0 > .fusion-column-wrapper {padding-top : 0px !important;padding-right : 0px !important;margin-right : 1.92%;padding-bottom : 0px !important;padding-left : 0px !important;margin-left : 1.92%;}@media only screen and (max-width:1024px) {.fusion-body .fusion-builder-column-0{width:100% !important;}.fusion-builder-column-0 > .fusion-column-wrapper {margin-right : 1.92%;margin-left : 1.92%;}}@media only screen and (max-width:640px) {.fusion-body .fusion-builder-column-0{width:100% !important;}.fusion-builder-column-0 > .fusion-column-wrapper {margin-right : 1.92%;margin-left : 1.92%;}}<\/style><\/div><\/div><style type=\"text\/css\">.fusion-body .fusion-flex-container.fusion-builder-row-1{ padding-top : 0px;margin-top : 0px;padding-right : 0px;padding-bottom : 0px;margin-bottom : 0px;padding-left : 0px;}<\/style><\/div>\n","protected":false},"excerpt":{"rendered":"","protected":false},"author":1,"featured_media":0,"parent":0,"menu_order":0,"comment_status":"closed","ping_status":"closed","template":"","meta":{"footnotes":""},"_links":{"self":[{"href":"https:\/\/www.ch-orthez.fr\/index.php\/wp-json\/wp\/v2\/pages\/518"}],"collection":[{"href":"https:\/\/www.ch-orthez.fr\/index.php\/wp-json\/wp\/v2\/pages"}],"about":[{"href":"https:\/\/www.ch-orthez.fr\/index.php\/wp-json\/wp\/v2\/types\/page"}],"author":[{"embeddable":true,"href":"https:\/\/www.ch-orthez.fr\/index.php\/wp-json\/wp\/v2\/users\/1"}],"replies":[{"embeddable":true,"href":"https:\/\/www.ch-orthez.fr\/index.php\/wp-json\/wp\/v2\/comments?post=518"}],"version-history":[{"count":2,"href":"https:\/\/www.ch-orthez.fr\/index.php\/wp-json\/wp\/v2\/pages\/518\/revisions"}],"predecessor-version":[{"id":3453,"href":"https:\/\/www.ch-orthez.fr\/index.php\/wp-json\/wp\/v2\/pages\/518\/revisions\/3453"}],"wp:attachment":[{"href":"https:\/\/www.ch-orthez.fr\/index.php\/wp-json\/wp\/v2\/media?parent=518"}],"curies":[{"name":"wp","href":"https:\/\/api.w.org\/{rel}","templated":true}]}}