{"id":3,"date":"2021-10-18T14:46:28","date_gmt":"2021-10-18T12:46:28","guid":{"rendered":"http:\/\/www.ch-orthez.fr\/?page_id=3"},"modified":"2022-08-26T14:16:59","modified_gmt":"2022-08-26T12:16:59","slug":"politique-de-confidentialite","status":"publish","type":"page","link":"https:\/\/www.ch-orthez.fr\/index.php\/politique-de-confidentialite\/","title":{"rendered":"Mentions l\u00e9gales"},"content":{"rendered":"<p><div class=\"fusion-fullwidth fullwidth-box fusion-builder-row-1 fusion-flex-container nonhundred-percent-fullwidth non-hundred-percent-height-scrolling\" style=\"background-color: rgba(255,255,255,0);background-position: center center;background-repeat: no-repeat;border-width: 0px 0px 0px 0px;border-color:#e2e2e2;border-style:solid;\" ><div class=\"fusion-builder-row fusion-row fusion-flex-align-items-flex-start\" style=\"max-width:1331.2px;margin-left: calc(-4% \/ 2 );margin-right: calc(-4% \/ 2 );\"><\/div><style type=\"text\/css\">.fusion-body .fusion-flex-container.fusion-builder-row-1{ padding-top : 0px;margin-top : 0px;padding-right : 0px;padding-bottom : 0px;margin-bottom : 0px;padding-left : 0px;}<\/style><\/div><div class=\"fusion-fullwidth fullwidth-box fusion-builder-row-2 fusion-flex-container nonhundred-percent-fullwidth non-hundred-percent-height-scrolling\" style=\"background-color: rgba(255,255,255,0);background-position: center center;background-repeat: no-repeat;border-width: 0px 0px 0px 0px;border-color:#e2e2e2;border-style:solid;\" ><div class=\"fusion-builder-row fusion-row fusion-flex-align-items-flex-start\" style=\"max-width:1331.2px;margin-left: calc(-4% \/ 2 );margin-right: calc(-4% \/ 2 );\"><div class=\"fusion-layout-column fusion_builder_column fusion-builder-column-0 fusion_builder_column_1_1 1_1 fusion-flex-column\"><div class=\"fusion-column-wrapper fusion-flex-justify-content-flex-start fusion-content-layout-column\" style=\"background-position:left top;background-repeat:no-repeat;-webkit-background-size:cover;-moz-background-size:cover;-o-background-size:cover;background-size:cover;padding: 0px 0px 0px 0px;\"><div class=\"fusion-text fusion-text-1\"><h1 id=\"champ10\" style=\"text-align: center;\"><strong><span class=\"post-state\">Politique de confidentialit\u00e9<\/span><\/strong><\/h1>\n<h2><a href=\"https:\/\/www.ch-orthez.fr\/index.php\/accessibilite\/\">Acc\u00e8s \u00e0 la page Accessibilit\u00e9<\/a><\/h2>\n<h3>Cliquez ici<\/h3>\n<h2>Utilisation des cookies<\/h2>\n<p>Les cookies sont des fichiers textes, souvent crypt\u00e9s, stock\u00e9s dans votre navigateur. Ils sont cr\u00e9\u00e9s lorsque le navigateur d\u2019un utilisateur charge un site internet donn\u00e9 : le site envoie des informations au navigateur, qui cr\u00e9e alors un fichier texte. Chaque fois que l\u2019utilisateur revient sur le m\u00eame site, le navigateur r\u00e9cup\u00e8re ce fichier et l\u2019envoie au serveur du site internet. Un cookie est par ailleurs une donn\u00e9e \u00e0 caract\u00e8re personnel au sens du RGPD.<\/p>\n<p>La navigation sur le site https:\/\/www.ch-orthez.fr\/ est susceptible de provoquer l\u2019installation de cookie(s) sur l\u2019ordinateur de l\u2019utilisateur. Nous utilisons les cookies stock\u00e9s sur votre appareil afin de vous offrir une meilleure exp\u00e9rience de navigation sur le site internet\u00a0;<\/p>\n<h3>Politique sur la gestion des cookies.<\/h3>\n<h3 style=\"text-align: center;\">Nous ne collectons, ni n&rsquo;enregistrons aucune donn\u00e9e personnelle.<\/h3>\n<p>Nous utilisons les cookies suivants :<\/p>\n<h4>Cookies techniques<\/h4>\n<p>Il s\u2019agit des cookies ayant pour finalit\u00e9 de permettre une navigation optimale sur le site.<\/p>\n<div class=\"su-spoiler su-spoiler-style-default su-spoiler-icon-plus su-spoiler-closed\" data-scroll-offset=\"0\">\n<div class=\"su-spoiler-title\" tabindex=\"0\" role=\"button\">Afin de rendre votre navigation confortable et rapide, nous avons besoin de d\u00e9poser des cookies techniques sur votre navigateur. Ces cookies ne sont en aucun cas utilis\u00e9s par le P\u00f4le Sant\u00e9 d&rsquo;Orthez \u00e0 des fins statistiques.<\/div>\n<div class=\"su-spoiler-content su-u-clearfix su-u-trim\">\n<p>Les cookies techniques sont strictement n\u00e9cessaires \u00e0 la fourniture d\u2019un service ne n\u00e9cessitent pas de consentement pr\u00e9alable avant leur d\u00e9p\u00f4t.<\/p>\n<p>Vous b\u00e9n\u00e9ficiez du droit de vous opposer \u00e0 l\u2019implantation des cookies techniques sur votre terminal en modifiant la configuration de son navigateur.<\/p>\n<p>Nous vous informons toutefois que le refus des cookies techniques ou d\u2019identification de session est susceptible de modifier votre navigation sur le site.<\/p>\n<\/div>\n<\/div>\n<h4>Mesure d\u2019audience statistiques<\/h4>\n<p>Il s\u2019agit des cookies ayant pour finalit\u00e9 de produire des statistiques d\u2019audience, les donn\u00e9es sont stock\u00e9es, de mani\u00e8re anonyme, sur notre serveur. Nous n&rsquo;utilisons pas Google Analytics.<\/p>\n<div class=\"su-spoiler su-spoiler-style-default su-spoiler-icon-plus su-spoiler-closed\" data-scroll-offset=\"0\">\n<div class=\"su-spoiler-content su-u-clearfix su-u-trim\">\n<p>Ces statistiques concernent notamment la navigation de l\u2019internaute (le nombre de visites, les pages visit\u00e9es, le nombre de pages visit\u00e9es, les contenus et rubriques visit\u00e9s, le temps de visite, le parcours et l\u2019activit\u00e9 des visiteurs sur le site), le terminal de l\u2019internaute (type de syst\u00e8me d\u2019exploitation, r\u00e9solution d\u2019\u00e9cran\u2026), la navigation de l\u2019internaute avant d\u2019arriver sur le site (depuis quel moteur de recherche il est arriv\u00e9), etc.<\/p>\n<p>Ces mesures et statistiques permettent non seulement d\u2019adapter le site \u00e0 vos demandes et besoins, mais aussi d\u2019am\u00e9liorer l\u2019int\u00e9r\u00eat, le fonctionnement, l\u2019ergonomie du site, et de d\u00e9tecter d\u2019\u00e9ventuels probl\u00e8mes de navigation. Elles permettent \u00e9galement d\u2019adapter le site \u00e0 vos terminaux par l\u2019\u00e9tude des terminaux utilis\u00e9s (adaptation au navigateur utilis\u00e9, \u00e0 la r\u00e9solution d\u2019\u00e9cran\u2026).<\/p>\n<h4>Cookies embarqu\u00e9s<\/h4>\n<\/div>\n<\/div>\n<p>Les articles de ce site peuvent inclure des contenus int\u00e9gr\u00e9s (par exemple des vid\u00e9os, images, articles\u2026). Le contenu int\u00e9gr\u00e9 depuis d\u2019autres sites se comporte de la m\u00eame mani\u00e8re que si le visiteur se rendait sur cet autre site.<br \/>Ces sites web pourraient collecter des donn\u00e9es sur vous, utiliser des cookies, embarquer des outils de suivis tiers, suivre vos interactions avec ces contenus embarqu\u00e9s si vous disposez d\u2019un compte connect\u00e9 sur leur site web.<\/p>\n<div class=\"et_pb_module et_pb_text et_pb_text_0 et_pb_text_align_left et_pb_bg_layout_light\">\n<div class=\"et_pb_text_inner\">\n<h1 style=\"text-align: center;\">Mentions l\u00e9gales<\/h1>\n<\/div>\n<\/div>\n<div class=\"et_pb_module et_pb_text et_pb_text_1 et_pb_text_align_left et_pb_bg_layout_light\">\n<div class=\"et_pb_text_inner\">\n<h2>Informations l\u00e9gales<\/h2>\n<h3>1. Pr\u00e9sentation du site.<\/h3>\n<p>En vertu de l\u2019article 6 de la loi n\u00b0 2004-575 du 21 juin 2004 pour la confiance dans l\u2019\u00e9conomie num\u00e9rique, il est pr\u00e9cis\u00e9 aux utilisateurs du site www.ch-orthez.fr l\u2019identit\u00e9 des diff\u00e9rents intervenants dans le cadre de sa r\u00e9alisation et de son suivi :<\/p>\n<p><strong>Propri\u00e9taire<\/strong> : Centre hospitalier d&rsquo;Orthez \u2013 \u2013 Rue du Moulin 64300 ORTHEZ, France<br \/><strong>Cr\u00e9ateur<\/strong> : <a href=\"http:\/\/www.creationweb64.fr\/\" target=\"_blank\" rel=\"noopener\">Cr\u00e9ation Web 64<\/a><br \/><strong>Responsable publication<\/strong> : \u00a0secretariat.direction@ch-orthez.fr<br \/>Le responsable publication est une personne physique ou une personne morale.<br \/><strong>Webmaster<\/strong> : Centre Hospitalier d&rsquo;Orthez<br \/><strong>H\u00e9bergeur<\/strong> : HELIANTIS \u2013 Centre Ama Dablam, 20 Rue Johannes Kepler, 64000 Pau<\/p>\n<h3>2. Conditions g\u00e9n\u00e9rales d\u2019utilisation du site et des services propos\u00e9s.<\/h3>\n<p>L\u2019utilisation du site www.ch-orthez.fr implique l\u2019acceptation pleine et enti\u00e8re des conditions g\u00e9n\u00e9rales d\u2019utilisation ci-apr\u00e8s d\u00e9crites. Ces conditions d\u2019utilisation sont susceptibles d\u2019\u00eatre modifi\u00e9es ou compl\u00e9t\u00e9es \u00e0 tout moment, les utilisateurs du site www.ch-orthez.fr sont donc invit\u00e9s \u00e0 les consulter de mani\u00e8re r\u00e9guli\u00e8re.<\/p>\n<p>Ce site est normalement accessible \u00e0 tout moment aux utilisateurs. Une interruption pour raison de maintenance technique peut \u00eatre toutefois d\u00e9cid\u00e9e par Centre hospitalier d&rsquo;Orthez, qui s\u2019efforcera alors de communiquer pr\u00e9alablement aux utilisateurs les dates et heures de l\u2019intervention.<\/p>\n<p>Le site www.ch-orthez.fr est mis \u00e0 jour r\u00e9guli\u00e8rement. De la m\u00eame fa\u00e7on, les mentions l\u00e9gales peuvent \u00eatre modifi\u00e9es \u00e0 tout moment : elles s\u2019imposent n\u00e9anmoins \u00e0 l\u2019utilisateur qui est invit\u00e9 \u00e0 s\u2019y r\u00e9f\u00e9rer le plus souvent possible afin d\u2019en prendre connaissance.<\/p>\n<h3>3. Description des services fournis.<\/h3>\n<p>Le site www.ch-orthez.fr a pour objet de fournir une information concernant l\u2019ensemble des activit\u00e9s du P\u00f4le de Sant\u00e9.<\/p>\n<p>Le P\u00f4le de Sant\u00e9 s\u2019efforce de fournir sur le site www.ch-orthez.fr des informations aussi pr\u00e9cises que possible. Toutefois, il ne pourra \u00eatre tenue responsable des omissions, des inexactitudes et des carences dans la mise \u00e0 jour, qu\u2019elles soient de son fait ou du fait des tiers partenaires qui lui fournissent ces informations.<\/p>\n<p>Tous les informations indiqu\u00e9es sur le site www.ch-orthez.fr sont donn\u00e9es \u00e0 titre indicatif, et sont susceptibles d\u2019\u00e9voluer. Par ailleurs, les renseignements figurant sur le site www.ch-orthez.fr ne sont pas exhaustifs. Ils sont donn\u00e9s sous r\u00e9serve de modifications ayant \u00e9t\u00e9 apport\u00e9es depuis leur mise en ligne.<\/p>\n<h3>4. Limitations contractuelles sur les donn\u00e9es techniques.<\/h3>\n<p>Le site utilise la technologie JavaScript.<\/p>\n<p>Le site Internet ne pourra \u00eatre tenu responsable de dommages mat\u00e9riels li\u00e9s \u00e0 l\u2019utilisation du site. De plus, l\u2019utilisateur du site s\u2019engage \u00e0 acc\u00e9der au site en utilisant un mat\u00e9riel r\u00e9cent, ne contenant pas de virus et avec un navigateur de derni\u00e8re g\u00e9n\u00e9ration mis-\u00e0-jour<\/p>\n<h3>5. Propri\u00e9t\u00e9 intellectuelle et contrefa\u00e7ons.<\/h3>\n<p>Le P\u00f4le de Sant\u00e9 d&rsquo;Orthez est propri\u00e9taire des droits de propri\u00e9t\u00e9 intellectuelle ou d\u00e9tient les droits d\u2019usage sur tous les \u00e9l\u00e9ments accessibles sur le site, notamment les textes, images, graphismes, logo, ic\u00f4nes, sons, logiciels.<\/p>\n<p>Toute reproduction, repr\u00e9sentation, modification, publication, adaptation de tout ou partie des \u00e9l\u00e9ments du site, quel que soit le moyen ou le proc\u00e9d\u00e9 utilis\u00e9, est interdite, sauf autorisation \u00e9crite pr\u00e9alable du P\u00f4le de Sant\u00e9 d&rsquo;Orthez.<\/p>\n<p>Toute exploitation non autoris\u00e9e du site ou de l\u2019un quelconque des \u00e9l\u00e9ments qu\u2019il contient sera consid\u00e9r\u00e9e comme constitutive d\u2019une contrefa\u00e7on et poursuivie conform\u00e9ment aux dispositions des articles L.335-2 et suivants du Code de Propri\u00e9t\u00e9 Intellectuelle.<\/p>\n<h3>6. Limitations de responsabilit\u00e9.<\/h3>\n<p>Le P\u00f4le de Sant\u00e9 d&rsquo;Orthez ne pourra \u00eatre tenu responsable des dommages directs et indirects caus\u00e9s au mat\u00e9riel de l\u2019utilisateur, lors de l\u2019acc\u00e8s au site www.ch-orthez.fr et r\u00e9sultant soit de l\u2019utilisation d\u2019un mat\u00e9riel ne r\u00e9pondant pas aux sp\u00e9cifications indiqu\u00e9es au point 4, soit de l\u2019apparition d\u2019un bug ou d\u2019une incompatibilit\u00e9.<\/p>\n<p>Le P\u00f4le de Sant\u00e9 d&rsquo;Orthez ne pourra \u00e9galement \u00eatre tenue responsable des dommages indirects (tels par exemple qu\u2019une perte de march\u00e9 ou perte d\u2019une chance) cons\u00e9cutifs \u00e0 l\u2019utilisation du site www.ch-orthez.fr.<\/p>\n<h3>7. Gestion des donn\u00e9es personnelles.<\/h3>\n<p>En France, les donn\u00e9es personnelles sont notamment prot\u00e9g\u00e9es par la loi n\u00b0 78-87 du 6 janvier 1978, la loi n\u00b0 2004-801 du 6 ao\u00fbt 2004, l\u2019article L. 226-13 du Code p\u00e9nal et la Directive Europ\u00e9enne du 24 octobre 1995.<\/p>\n<p>A l\u2019occasion de l\u2019utilisation du site www.ch-orthez.fr, peuvent \u00eatres recueillies : l\u2019URL des liens par l\u2019interm\u00e9diaire desquels l\u2019utilisateur a acc\u00e9d\u00e9 au site www.ch-orthez.fr, le fournisseur d\u2019acc\u00e8s de l\u2019utilisateur, l\u2019adresse de protocole Internet (IP) de l\u2019utilisateur.<\/p>\n<p>En tout \u00e9tat de cause Le P\u00f4le de Sant\u00e9 d&rsquo;Orthez ne collecte aucune information personnelle relatives \u00e0 l\u2019utilisateur.<\/p>\n<p>Le site n\u2019est pas d\u00e9clar\u00e9 \u00e0 la CNIL<span style=\"color: #ff0000;\"><span style=\"color: #000000;\"> car il ne recueille pas d\u2019informations personnelles.<\/span><\/span><span style=\"color: #000000;\">\u00a0<\/span><\/p>\n<p>Les bases de donn\u00e9es sont prot\u00e9g\u00e9es par les dispositions de la <a href=\"https:\/\/www.legifrance.gouv.fr\/loda\/id\/JORFTEXT000000573438\/\" target=\"_blank\" rel=\"noopener\">loi du 1er juillet 1998 transposant la directive 96\/9 du 11 mars 1996<\/a> relative \u00e0 la protection juridique des bases de donn\u00e9es.<\/p>\n<h3>8. Liens hypertextes et cookies.<\/h3>\n<p>Le site www.ch-orthez.fr contient un certain nombre de liens hypertextes vers d\u2019autres sites, mis en place avec l\u2019autorisation du P\u00f4le de Sant\u00e9 d&rsquo;Orthez. Cependant, Le P\u00f4le de Sant\u00e9 d&rsquo;Orthez n\u2019a pas la possibilit\u00e9 de v\u00e9rifier le contenu des sites ainsi visit\u00e9s, et n\u2019assumera en cons\u00e9quence aucune responsabilit\u00e9 de ce fait.<\/p>\n<p>La navigation sur le site www.ch-orthez.fr est susceptible de provoquer l\u2019installation de cookie(s) sur l\u2019ordinateur de l\u2019utilisateur. Un cookie est un fichier de petite taille, qui ne permet pas l\u2019identification de l\u2019utilisateur, mais qui enregistre des informations relatives \u00e0 la navigation d\u2019un ordinateur sur un site. Les donn\u00e9es ainsi obtenues visent \u00e0 faciliter la navigation ult\u00e9rieure sur le site, et ont \u00e9galement vocation \u00e0 permettre diverses mesures de fr\u00e9quentation.<\/p>\n<p>Le refus d\u2019installation d\u2019un cookie peut entra\u00eener l\u2019impossibilit\u00e9 d\u2019acc\u00e9der \u00e0 certains services. L\u2019utilisateur peut toutefois configurer son ordinateur de la mani\u00e8re suivante, pour refuser l\u2019installation des cookies :<\/p>\n<p>Sous Internet Explorer : onglet outil (pictogramme en forme de rouage en haut a droite) \/ options internet. Cliquez sur Confidentialit\u00e9 et choisissez Bloquer tous les cookies. Validez sur Ok.<\/p>\n<p>Sous Firefox : en haut de la fen\u00eatre du navigateur, cliquez sur le bouton Firefox, puis aller dans l\u2019onglet Options. Cliquer sur l\u2019onglet Vie priv\u00e9e.<br \/>Param\u00e9trez les R\u00e8gles de conservation sur : utiliser les param\u00e8tres personnalis\u00e9s pour l\u2019historique. Enfin d\u00e9cochez-la pour d\u00e9sactiver les cookies.<\/p>\n<p>Sous Safari : Cliquez en haut \u00e0 droite du navigateur sur le pictogramme de menu (symbolis\u00e9 par un rouage). S\u00e9lectionnez Param\u00e8tres. Cliquez sur Afficher les param\u00e8tres avanc\u00e9s. Dans la section \u201cConfidentialit\u00e9\u201d, cliquez sur Param\u00e8tres de contenu. Dans la section \u201cCookies\u201d, vous pouvez bloquer les cookies.<\/p>\n<p>Sous Chrome : Cliquez en haut \u00e0 droite du navigateur sur le pictogramme de menu (symbolis\u00e9 par trois lignes horizontales). S\u00e9lectionnez Param\u00e8tres. Cliquez sur Afficher les param\u00e8tres avanc\u00e9s. Dans la section \u201cConfidentialit\u00e9\u201d, cliquez sur pr\u00e9f\u00e9rences. Dans l\u2019onglet \u201cConfidentialit\u00e9\u201d, vous pouvez bloquer les cookies.<\/p>\n<h3>9. Droit applicable et attribution de juridiction.<\/h3>\n<p>Tout litige en relation avec l\u2019utilisation du site www.ch-orthez.fr est soumis au droit fran\u00e7ais. Il est fait attribution exclusive de juridiction aux tribunaux comp\u00e9tents dont le P\u00f4le de Sant\u00e9 d&rsquo;Orthez d\u00e9pend.<\/p>\n<h3>10. Les principales lois concern\u00e9es.<\/h3>\n<p>Loi n\u00b0 78-17 du 6 janvier 1978, notamment modifi\u00e9e par la loi n\u00b0 2004-801 du 6 ao\u00fbt 2004 relative \u00e0 l\u2019informatique, aux fichiers et aux libert\u00e9s.<\/p>\n<p>Le r\u00e8glement g\u00e9n\u00e9ral de protection des donn\u00e9es (RGPD) est un texte r\u00e9glementaire europ\u00e9en qui encadre le traitement des donn\u00e9es de mani\u00e8re \u00e9galitaire sur tout le territoire de l\u2019Union Europ\u00e9enne. Il est entr\u00e9 en application le 25 mai 2018.<\/p>\n<p>Le RGPD s\u2019inscrit dans la continuit\u00e9 de la <a class=\"ext\" title=\"\u00ab legifrance.gouv.fr \u00bb dans une nouvelle fen\u00eatre\" href=\"https:\/\/www.legifrance.gouv.fr\/affichTexte.do?cidTexte=JORFTEXT000000886460\" target=\"_blank\" rel=\"noopener\" data-extlink=\"\">Loi fran\u00e7aise\u00a0Informatique et Libert\u00e9s\u00a0de 1978<\/a> \u00e9tablissant des r\u00e8gles sur la collecte et l\u2019utilisation des donn\u00e9es sur le territoire fran\u00e7ais.<\/p>\n<p>Loi n\u00b0 2004-575 du 21 juin 2004 pour la confiance dans l\u2019\u00e9conomie num\u00e9rique.<\/p>\n<h3>11. Lexique.<\/h3>\n<p>Utilisateur : Internaute se connectant, utilisant le site susnomm\u00e9.<\/p>\n<p>Informations personnelles : \u00ab les informations qui permettent, sous quelque forme que ce soit, directement ou non, l\u2019identification des personnes physiques auxquelles elles s\u2019appliquent \u00bb (article 4 de la loi n\u00b0 78-17 du 6 janvier 1978).<\/p>\n<\/div>\n<\/div>\n<\/div><\/div><style type=\"text\/css\">.fusion-body .fusion-builder-column-0{width:100% !important;margin-top : 0px;margin-bottom : 20px;}.fusion-builder-column-0 > .fusion-column-wrapper {padding-top : 0px !important;padding-right : 0px !important;margin-right : 1.92%;padding-bottom : 0px !important;padding-left : 0px !important;margin-left : 1.92%;}@media only screen and (max-width:1024px) {.fusion-body .fusion-builder-column-0{width:100% !important;order : 0;}.fusion-builder-column-0 > .fusion-column-wrapper {margin-right : 1.92%;margin-left : 1.92%;}}@media only screen and (max-width:640px) {.fusion-body .fusion-builder-column-0{width:100% !important;order : 0;}.fusion-builder-column-0 > .fusion-column-wrapper {margin-right : 1.92%;margin-left : 1.92%;}}<\/style><\/div><\/div><style type=\"text\/css\">.fusion-body .fusion-flex-container.fusion-builder-row-2{ padding-top : 0px;margin-top : 0px;padding-right : 0px;padding-bottom : 0px;margin-bottom : 0px;padding-left : 0px;}<\/style><\/div><\/p>\n","protected":false},"excerpt":{"rendered":"","protected":false},"author":1,"featured_media":0,"parent":0,"menu_order":0,"comment_status":"closed","ping_status":"open","template":"","meta":{"footnotes":""},"_links":{"self":[{"href":"https:\/\/www.ch-orthez.fr\/index.php\/wp-json\/wp\/v2\/pages\/3"}],"collection":[{"href":"https:\/\/www.ch-orthez.fr\/index.php\/wp-json\/wp\/v2\/pages"}],"about":[{"href":"https:\/\/www.ch-orthez.fr\/index.php\/wp-json\/wp\/v2\/types\/page"}],"author":[{"embeddable":true,"href":"https:\/\/www.ch-orthez.fr\/index.php\/wp-json\/wp\/v2\/users\/1"}],"replies":[{"embeddable":true,"href":"https:\/\/www.ch-orthez.fr\/index.php\/wp-json\/wp\/v2\/comments?post=3"}],"version-history":[{"count":0,"href":"https:\/\/www.ch-orthez.fr\/index.php\/wp-json\/wp\/v2\/pages\/3\/revisions"}],"wp:attachment":[{"href":"https:\/\/www.ch-orthez.fr\/index.php\/wp-json\/wp\/v2\/media?parent=3"}],"curies":[{"name":"wp","href":"https:\/\/api.w.org\/{rel}","templated":true}]}}